55/6)/(-7). What are the prime factors of (4 + n - -3)/(-2)?
2, 37
Suppose -6*i + 3 = -9. Let x(a) = -3*a - 4*a + 19 - 9 - a**i. What are the prime factors of x(-6)?
2
Let l be 3/(-6)*(2 + -22). List the prime factors of (-1462)/(-10) - (-8)/l.
3, 7
Let j = 0 - -3. Let s be j + -5 + 7 + 1. List the prime factors of 46/s + (-4)/6.
7
Suppose -937 = -6*i + 5561. What are the prime factors of i?
3, 19
Let i(h) = h**2 + 4*h + 4. Let c be i(-4). Let l be 3/1 - (1 - c). Let f = 10 - l. List the prime factors of f.
2
Let v = 331 - 223. Let p = v + 73. List the prime factors of p.
181
Let h = -220 - -139. Let w be ((-2)/4)/((-2)/4). What are the prime factors of (h/12 + w)*-4?
23
Suppose 0 = 5*u - 11 + 26. What are the prime factors of u*(152/(-12) - -3)?
29
Let w(g) = g**2 + g - 1. Let p be w(-3). Suppose 0 + 16 = -3*a + l, p*a - 2*l + 28 = 0. List the prime factors of 332/14 - a/14.
2, 3
Suppose 2*o + 5*l - 14 = 0, 0 = -7*l + 2*l. List the prime factors of o.
7
What are the prime factors of (-111 + 104)/((-2)/1346)?
7, 673
Let p = -15 + 50. Let y = p + 44. What are the prime factors of y?
79
Suppose 29 = 2*h + 3*h + 2*w, 4*w = 8. Let f(y) = -695*y - 5. Let l be f(h). What are the prime factors of l/(-70) + (-4)/(-14)?
2, 5
Suppose 0 = -n + 169 + 350. List the prime factors of n.
3, 173
Let i(z) = -9*z + 21. Let y(p) = -8*p + 21. Let b(k) = -4*i(k) + 5*y(k). Let a be b(9). Let n = 32 + a. What are the prime factors of n?
17
Let x(y) = -899*y + 1. Let v be x(-1). List the prime factors of 0 + (-4)/14 + v/14.
2
List the prime factors of 4/(4*4/1128).
2, 3, 47
Let j be 10 + 1 + 5/(-1). Let n be (0 - -19) + j/(-3). Let v(i) = -i**2 + 16*i + 38. What are the prime factors of v(n)?
3, 7
Suppose 6*g - 7947 + 1251 = 0. List the prime factors of g.
2, 3, 31
Let c(r) = -r**2 + 16*r - 1. Suppose 0 = -5*l + 7 + 23. List the prime factors of c(l).
59
Let x be 5*1 + (4 - 4). Suppose -2*m - 195 = -3*i - x*m, 2*i - m = 136. List the prime factors of i.
67
Let d(u) = u**3 + 7*u**2 - u - 5. Let g be d(-7). Suppose g*z = 7 - 3. Suppose -5*j - 4*o + 13 = -9, -o - z = 0. List the prime factors of j.
2, 3
List the prime factors of (16064/(-96))/((-2)/27).
3, 251
Let j = -43 + 43. Suppose j = 3*z - 0*z + w - 483, -z - w = -161. What are the prime factors of z?
7, 23
Let d(q) = 190*q**2 - 3. What are the prime factors of d(3)?
3, 569
Let s = -79 + 77. Let j(u) = 8*u**2 + 2*u + 3. What are the prime factors of j(s)?
31
Let b be 29 - 2*4/(-4). Let x = b + -28. What are the prime factors of x?
3
Suppose -4*j - j = -2*u - 10, -3*u + 4*j = 8. Let l = u + 2. Suppose 4*v = -4*c + 72, -60 = -l*v - 2*v - c. List the prime factors of v.
2, 7
Let f = 3 - -1. Suppose y + f*y + 200 = 0. Let i = y + 75. List the prime factors of i.
5, 7
Suppose 486 = 3*z + 3*z. Suppose -5*y + z = -4*i, -y + 3*i + 17 + 8 = 0. Suppose 0 = -5*a + y + 42. List the prime factors of a.
11
Let m be (-2)/(-9) + (-129)/(-27). Suppose -3*c + 14 = m. Suppose 5*o - 2*p - 31 = 0, 2*o - c*p = 33 - 14. What are the prime factors of o?
5
Let l(n) = 15*n + 149. What are the prime factors of l(10)?
13, 23
Let g(u) = u**3 - 2*u**2 - 5*u + 4. Let t be g(4). Let a = 17 - t. What are the prime factors of 29 - a/(1/2)?
3
Let z be (-4 - 9/(-3)) + 133. Suppose 354 + z = 3*p. Suppose w = 4*w - p. What are the prime factors of w?
2, 3
Let c = 872 - -115. What are the prime factors of c?
3, 7, 47
Suppose 7*z + 0*z - 5481 = 0. List the prime factors of z.
3, 29
Let x be ((-108)/8 + 5)*-120. Suppose x = -0*p + 5*p. What are the prime factors of p?
2, 3, 17
Let r(s) = 2*s + 7. Let g be r(4). Suppose 3*v - g = 18. Suppose v*f - 75 = 6*f. What are the prime factors of f?
3, 5
What are the prime factors of 0 + (-5)/(40/(-5888))?
2, 23
Let g = 36 + -31. Suppose g*b - 222 = 3*b. List the prime factors of b.
3, 37
Suppose 12*y - 11*y - 3*f = 471, -4*y + 1891 = -5*f. List the prime factors of y.
2, 3, 79
Suppose -5*v + v - 2*i = -84, 3*i + 94 = 4*v. Suppose -27*f + v*f = 0. Suppose f = -2*o - 3*o + 10. List the prime factors of o.
2
What are the prime factors of (18*(-16)/60)/(3/(-110))?
2, 11
Let d = 34 - 38. Let l(w) = -35*w + 17. List the prime factors of l(d).
157
Suppose -5*v = -r + 5*r - 6928, -r + 1733 = v. List the prime factors of r.
3, 193
Let j = 4002 - 1787. List the prime factors of j.
5, 443
Suppose -5*a = 5*w - 330, -5*a + 13 = w - 57. Suppose -p + q + 37 = -0*p, 0 = 2*p + q - w. List the prime factors of p.
2, 17
Suppose r - 3 = -4*u - 8, 4*u + 4 = 0. Let j(b) be the third derivative of -47*b**6/120 + b**5/30 + b**4/12 + b**3/6 + b**2. What are the prime factors of j(r)?
2, 3
Let t = 91 + -73. Let q = t + 101. What are the prime factors of q?
7, 17
Suppose -5*z = -4*c + 395, -3*z + 61 + 242 = 3*c. Suppose 0*l = -2*l + c. List the prime factors of l.
2, 5
What are the prime factors of 5*(-1)/((-20)/372)?
3, 31
Suppose -v = -12 + 8. Suppose 151 = 5*q + 2*p - 169, -2*q = -v*p - 152. List the prime factors of q.
2, 3, 11
Let u = -31 - -36. Let o = 24 + -34. Let b = u - o. List the prime factors of b.
3, 5
Let d = 30 + -26. Suppose -8*w + 12 = -d*w. Suppose 4*i - 4*g - 53 - 55 = 0, -w*g + 135 = 5*i. What are the prime factors of i?
3
What are the prime factors of (664/24)/((-1)/(-9))?
3, 83
Let c be (-7)/(147/(-90)) - (-4)/(-14). List the prime factors of 2/c - ((-204)/8 - 0).
2, 13
Let u be 1/(4/(-16)) + 3. List the prime factors of (-5 - u) + 1*74.
2, 5, 7
Suppose -o = 5*s - 5, 4*s - 4*o - 33 = o. Suppose 0 = -3*w + 3*v + 63, 3*v + s*v - 129 = -4*w. Let q = 73 - w. List the prime factors of q.
47
Let h(b) = 92*b - 547. What are the prime factors of h(43)?
7, 487
Suppose 468 = -3*x + 2865. Let g = x + -570. What are the prime factors of g?
229
Suppose 0*f + 16 = -4*p + 4*f, -5*p + 4 = f. Let b(q) = -q + 60. What are the prime factors of b(p)?
2, 3, 5
List the prime factors of 4 + (-12025)/(-26) - 6/4.
3, 5, 31
Let d be -8 + 1 + (5 + -5 - -2). Let i = -70 + 37. Let a = d - i. List the prime factors of a.
2, 7
Let j = 7009 + -4441. List the prime factors of j.
2, 3, 107
List the prime factors of (6/15)/(1/(-25))*-40.
2, 5
Let t(m) = -m**3 + 8*m**2 - 8*m - 4. Let w(i) = i + 12. Suppose 0 = 3*x + 17 + 1. Let c be w(x). List the prime factors of t(c).
2, 5
Let q = 27 - 23. Let s = 8 - q. Suppose -3*t + 3*n - 57 = -4*t, 0 = 4*t - s*n - 228. List the prime factors of t.
3, 19
Let v(l) = l + 778. Let n be v(0). Suppose -5*c = -y - 90, 5*y - 265 = 4*c - n. What are the prime factors of (1 - 0)/((-3)/y)?
5, 7
Let t = -35 + 106. Let s = 41 - t. Let u = s - -99. List the prime factors of u.
3, 23
Suppose 6*r = 18 - 6. Suppose r*f - 77 = 117. List the prime factors of f.
97
Let r be 32/10 - (-2)/(-10). Suppose r*z = -0*k + 3*k - 231, 3*k - 239 = 5*z. List the prime factors of k.
73
Let j = 131 + -100. Let l = j - 15. What are the prime factors of l?
2
Suppose 0*a - 3*d = a - 203, -d = 5*a - 959. Suppose -5*b + a = 166. What are the prime factors of b?
5
Let t = 5 - 0. Let m be 1460/9 - (-30)/(-135). Suppose -t*w = w - m. List the prime factors of w.
3
Let g be 0/(-1)*(-1)/(-2). Suppose 24 = 2*o - o - 3*m, 5*m + 8 = -o. Let w = o + g. List the prime factors of w.
2, 3
List the prime factors of ((-87)/(-9))/((-27)/(-5184)).
2, 29
Suppose 4*h + 2515 = 7247. List the prime factors of h.
7, 13
List the prime factors of (-154)/22*(-660)/7.
2, 3, 5, 11
Suppose -408*z + 5994 = -399*z. List the prime factors of z.
2, 3, 37
Let w = 7 - 3. Suppose 0 = 2*s - w*i - 26, -3*i = -2*s + 41 - 10. List the prime factors of s.
23
Suppose 2*f - p = 92, 4*f + 78 - 262 = -5*p. Suppose 4*b + c + 0*c - 102 = 0, 2*b - f = 2*c. What are the prime factors of b?
5
Let c(z) = -z**3 + 12*z**2 - 12*z + 14. Suppose 0*m = -5*m + 55. Let u be c(m). Suppose -k - 5 = 0, 4*w - u*k = -5*k + 54. What are the prime factors of w?
2
List the prime factors of (2/(-6))/(1664/1668 + -1).
139
List the prime factors of ((-224080)/25)/(-8) + 12/20.
19, 59
Suppose 4*l = 3*k + 1635, 3*l + 5*k = 927 + 263. List the prime factors of l.
3, 5
Let q(m) = m**2 + 6. Let f be q(0). Let s be ((-100)/(-3))/(-5)*f. Let p = -13 - s. What are the prime factors of p?
3
Let i(p) be the second derivative of -p**5/20 - 3*p**4/2 - 10*p**3/3 + 17*p**2/2 + 3*p. Suppose 12 - 80 = 4*n. List the prime factors o